{"id":202,"date":"2026-02-07T11:42:28","date_gmt":"2026-02-07T14:42:28","guid":{"rendered":"https:\/\/marioteresano.com\/vencerenlaruleta\/?page_id=202"},"modified":"2026-02-07T12:46:05","modified_gmt":"2026-02-07T15:46:05","slug":"programa-dominio-de-sistemas","status":"publish","type":"page","link":"https:\/\/marioteresano.com\/vencerenlaruleta\/programa-dominio-de-sistemas\/","title":{"rendered":"Programa Dominio de Sistemas"},"content":{"rendered":"<p data-start=\"1440\" data-end=\"1576\">El <strong>Programa Dominio de Sistemas<\/strong> est\u00e1 pensado para quien ya entendi\u00f3 algo clave, <strong data-start=\"1505\" data-end=\"1576\">las t\u00e9cnicas no dependen del juego, sino de las reglas que aplic\u00e1s.<\/strong><\/p>\n<p data-start=\"1578\" data-end=\"1724\">Lo que aprend\u00e9s en mi <strong>Libro Vencer en la Ruleta tambi\u00e9n se puede aplicar a la quiniela<\/strong>, y este programa existe para demostrarlo con sistemas reales.<\/p>\n<p data-start=\"1726\" data-end=\"1843\">Ac\u00e1 no solo jug\u00e1s ruleta, diversific\u00e1s, compar\u00e1s comportamientos y aplic\u00e1s m\u00e9todos en dos juegos distintos.<\/p>\n<p data-start=\"1845\" data-end=\"1887\">M\u00e1s escenarios, m\u00e1s pr\u00e1ctica, m\u00e1s control, <strong>mayores ganancias<\/strong>.<\/p>\n<p data-start=\"478\" data-end=\"599\"><strong style=\"font-size: 1rem;\">El <strong>Programa Dominio de Sistemas,<\/strong> es ideal para:<\/strong><\/p>\n<ul>\n<li data-start=\"478\" data-end=\"599\"><span style=\"font-size: 1rem;\">Principiantes serios hasta jugadores avanzados.<\/span><\/li>\n<li data-start=\"478\" data-end=\"599\">Jugadores que quieren estructura y m\u00e9todo.<\/li>\n<li data-start=\"478\" data-end=\"599\">Quienes quieren material real para jugar y ganar en la ruleta y quiniela.<\/li>\n<\/ul>\n<p data-start=\"478\" data-end=\"599\"><strong>Incluye:<\/strong><\/p>\n<ul>\n<li><strong data-start=\"385\" data-end=\"408\">Libro\/Ebook Vencer en la Ruleta (by Mario Teresano)<\/strong>.<\/li>\n<li><strong data-start=\"414\" data-end=\"454\">Compilado de +100 Sistemas de Ruleta<\/strong>.<\/li>\n<li><strong data-start=\"414\" data-end=\"454\">Compilado de 15 Sistemas de Quiniela<\/strong>.<\/li>\n<\/ul>\n<p>&nbsp;<\/p>\n<p style=\"text-align: center;\"><a href=\"https:\/\/www.paypal.com\/ncp\/payment\/BH8V6XWW7RHPG\" target=\"_blank\" rel=\"noopener\"><img loading=\"lazy\" decoding=\"async\" class=\"aligncenter wp-image-216 size-full\" src=\"https:\/\/marioteresano.com\/vencerenlaruleta\/wp-content\/uploads\/2026\/02\/programa-dominio-de-sistemas.png\" alt=\"\" width=\"400\" height=\"600\" srcset=\"https:\/\/marioteresano.com\/vencerenlaruleta\/wp-content\/uploads\/2026\/02\/programa-dominio-de-sistemas.png 400w, https:\/\/marioteresano.com\/vencerenlaruleta\/wp-content\/uploads\/2026\/02\/programa-dominio-de-sistemas-200x300.png 200w\" sizes=\"auto, (max-width: 400px) 100vw, 400px\" \/><\/a><\/p>\n<p>&nbsp;<\/p>\n<p><b><span style=\"color: #800000; font-size: x-large;\">Sigue estos pasos para poder jugar:<\/span><\/b><\/p>\n<p>1) Ingresa al casino que se encuentran aqu\u00ed debajo.<\/p>\n<p>2) Descarga el software de casino gratuito y procede a instalarlo en tu computadora para poner en pr\u00e1ctica los diferentes m\u00e9todos.<\/p>\n<p>3) Registra una cuenta por Dinero Real, para poder poner en pr\u00e1ctica los m\u00e9todos aprendidos en este sitio Web (se puede depositar a trav\u00e9s de tarjetas de cr\u00e9dito o m\u00e9todos alternativos de pago).<\/p>\n<p>&nbsp;<\/p>\n<p align=\"center\"><script src=\"https:\/\/c.bannerflow.net\/a\/6687e5b2c965887fb78a2ec9?did=657fff592225a91f2b2e2296&amp;deeplink=on&amp;adgroupid=6687e5b2c965887fb78a2ed0&amp;redirecturl=https:\/\/record.caba.betsson.bet.ar\/_miIiYpKhJuE8TTrlZEGLGe51t5g1cLjN\/1&amp;media=208362&amp;campaign=1\" async=\"\"><\/script><\/p>\n<p>&nbsp;<\/p>\n<p><b><span style=\"color: #800000; font-size: x-large;\">Libro\/Ebook: Vencer en la Ruleta (Bilingual Edition)<\/span><\/b><\/p>\n<p>La ventaja fundamental de este libro es que, adem\u00e1s de aprender c\u00f3mo ganar en la ruleta de los casinos virtuales, aprender\u00e1s c\u00f3mo optimizar el resultado de cualquier sistema que desees utilizar, es decir, que podr\u00e1s mejorar los resultados de cualquier estrategia de juego.<\/p>\n<p>El libro contiene las t\u00e9cnicas utilizadas para adaptar los sistemas y una variedad de estrategias donde pueden ser aplicadas.<\/p>\n<p>Para complementar la obra, tambi\u00e9n encontrar\u00e1s una serie de consejos a tener en cuenta a la hora de aplicar las t\u00e9cnicas aprendidas, incluyendo el correcto manejo del capital.<\/p>\n<p>En conclusi\u00f3n, un libro completo, sencillo y f\u00e1cil de aprender que no requiere para el lector, tener que leer un centenar de p\u00e1ginas para aprender como ganar en la ruleta de los Casinos Virtuales.<\/p>\n<p>&nbsp;<\/p>\n<p><a href=\"https:\/\/pay.hotmart.com\/O102973280K\" target=\"_blank\" rel=\"noopener\"><img loading=\"lazy\" decoding=\"async\" class=\"aligncenter wp-image-10 size-full\" src=\"https:\/\/marioteresano.com\/vencerenlaruleta\/wp-content\/uploads\/2025\/02\/vencer-ruleta-02.gif\" alt=\"\" width=\"600\" height=\"250\" \/><\/a><\/p>\n<p>&nbsp;<\/p>\n","protected":false},"excerpt":{"rendered":"<p>El Programa Dominio de Sistemas est\u00e1 pensado para quien ya entendi\u00f3 algo clave, las t\u00e9cnicas no dependen del juego, sino de las reglas que aplic\u00e1s. Lo que aprend\u00e9s en mi &hellip; <\/p>\n","protected":false},"author":2,"featured_media":0,"parent":0,"menu_order":0,"comment_status":"closed","ping_status":"closed","template":"","meta":{"footnotes":""},"class_list":["post-202","page","type-page","status-publish","hentry"],"_links":{"self":[{"href":"https:\/\/marioteresano.com\/vencerenlaruleta\/wp-json\/wp\/v2\/pages\/202","targetHints":{"allow":["GET"]}}],"collection":[{"href":"https:\/\/marioteresano.com\/vencerenlaruleta\/wp-json\/wp\/v2\/pages"}],"about":[{"href":"https:\/\/marioteresano.com\/vencerenlaruleta\/wp-json\/wp\/v2\/types\/page"}],"author":[{"embeddable":true,"href":"https:\/\/marioteresano.com\/vencerenlaruleta\/wp-json\/wp\/v2\/users\/2"}],"replies":[{"embeddable":true,"href":"https:\/\/marioteresano.com\/vencerenlaruleta\/wp-json\/wp\/v2\/comments?post=202"}],"version-history":[{"count":5,"href":"https:\/\/marioteresano.com\/vencerenlaruleta\/wp-json\/wp\/v2\/pages\/202\/revisions"}],"predecessor-version":[{"id":228,"href":"https:\/\/marioteresano.com\/vencerenlaruleta\/wp-json\/wp\/v2\/pages\/202\/revisions\/228"}],"wp:attachment":[{"href":"https:\/\/marioteresano.com\/vencerenlaruleta\/wp-json\/wp\/v2\/media?parent=202"}],"curies":[{"name":"wp","href":"https:\/\/api.w.org\/{rel}","templated":true}]}}